{"id":941,"date":"2016-12-29T03:51:35","date_gmt":"2016-12-29T03:51:35","guid":{"rendered":"http:\/\/themes.uiueux.com\/arnold\/?page_id=941"},"modified":"2025-12-11T16:34:45","modified_gmt":"2025-12-11T15:34:45","slug":"studio-architecture-interieure-bretagne","status":"publish","type":"page","link":"https:\/\/gabrielloirat.com\/","title":{"rendered":"Studio d&rsquo;architecture int\u00e9rieure"},"content":{"rendered":"\n<div class=\"wp-block-columns\">\n<div class=\"wp-block-column\">\n<div style=\"height:100px\" aria-hidden=\"true\" class=\"wp-block-spacer\"><\/div>\n<\/div>\n<\/div>\n\n\n\n<div class=\"wp-block-columns\">\n<div class=\"wp-block-column\">\n<p class=\"has-text-align-center has-vivid-red-color has-text-color has-medium-font-size\"><strong>ARCHITECTE D\u2019INT\u00c9RIEUR IND\u00c9PENDANT SP\u00c9CIALIS\u00c9 DANS LE RETAIL ET L\u2019UNIVERS DU LUXE.<br>\u00c0 LA CROIS\u00c9E DE L\u2019ARCHITECTURE, DU DESIGN INT\u00c9RIEUR ET DE L\u2019EXP\u00c9RIENCE CLIENT, CHAQUE CONCEPT TRANSFORME LES VALEURS D\u2019UNE MARQUE EN UN ENVIRONNEMENT IMMERSIF ET DURABLE.<br>PENS\u00c9S POUR R\u00c9V\u00c9LER, LE SENS, LES ESPACES DEVIENNENT VECTEURS D\u2019\u00c9MOTION ET DE PERFORMANCE.<br>UNE APPROCHE SUR MESURE, GUID\u00c9E PAR L\u2019IDENTIT\u00c9 DES LIEUX ET L\u2019EXIGENCE DES USAGES.<\/strong><\/p>\n\n\n\n<p class=\"has-text-align-center has-vivid-red-color has-text-color\" style=\"font-size:9px\"><a href=\"mailto:contact@gabrielloirat.com\" target=\"_blank\" rel=\"noreferrer noopener\">PORTFOLIO DISPONIBLE SUR DEMANDE<\/a><\/p>\n<\/div>\n<\/div>\n\n\n\n<div class=\"wp-block-columns\">\n<div class=\"wp-block-column\"><\/div>\n<\/div>\n\n\n\n<p><\/p>\n","protected":false},"excerpt":{"rendered":"<p>ARCHITECTE D\u2019INT\u00c9RIEUR IND\u00c9PENDANT SP\u00c9CIALIS\u00c9 DANS LE RETAIL ET L\u2019UNIVERS DU &hellip;<\/p>\n","protected":false},"author":1,"featured_media":0,"parent":0,"menu_order":0,"comment_status":"closed","ping_status":"closed","template":"","meta":{"om_disable_all_campaigns":false,"_monsterinsights_skip_tracking":false,"_monsterinsights_sitenote_active":false,"_monsterinsights_sitenote_note":"","_monsterinsights_sitenote_category":0},"yoast_head":"<!-- This site is optimized with the Yoast SEO plugin v19.9 - https:\/\/yoast.com\/wordpress\/plugins\/seo\/ -->\n<title>Studio d&#039;architecture int\u00e9rieure - Gabriel Loirat<\/title>\n<meta name=\"description\" content=\"Gabriel Loirat, studio d&#039;architecture d&#039;int\u00e9rieur bas\u00e9 \u00e0 Pl\u00e9neuf-Val-Andr\u00e9 en Bretagne, design d&#039;objet et de mobilier.\" \/>\n<meta name=\"robots\" content=\"index, follow, max-snippet:-1, max-image-preview:large, max-video-preview:-1\" \/>\n<link rel=\"canonical\" href=\"https:\/\/gabrielloirat.com\/\" \/>\n<meta property=\"og:locale\" content=\"fr_FR\" \/>\n<meta property=\"og:type\" content=\"article\" \/>\n<meta property=\"og:title\" content=\"Studio d&#039;architecture int\u00e9rieure - Gabriel Loirat\" \/>\n<meta property=\"og:description\" content=\"Gabriel Loirat, studio d&#039;architecture d&#039;int\u00e9rieur bas\u00e9 \u00e0 Pl\u00e9neuf-Val-Andr\u00e9 en Bretagne, design d&#039;objet et de mobilier.\" \/>\n<meta property=\"og:url\" content=\"https:\/\/gabrielloirat.com\/\" \/>\n<meta property=\"og:site_name\" content=\"Gabriel Loirat\" \/>\n<meta property=\"article:modified_time\" content=\"2025-12-11T15:34:45+00:00\" \/>\n<meta name=\"twitter:card\" content=\"summary_large_image\" \/>\n<meta name=\"twitter:label1\" content=\"Dur\u00e9e de lecture estim\u00e9e\" \/>\n\t<meta name=\"twitter:data1\" content=\"1 minute\" \/>\n<script type=\"application\/ld+json\" class=\"yoast-schema-graph\">{\"@context\":\"https:\/\/schema.org\",\"@graph\":[{\"@type\":\"WebPage\",\"@id\":\"https:\/\/gabrielloirat.com\/\",\"url\":\"https:\/\/gabrielloirat.com\/\",\"name\":\"Studio d'architecture int\u00e9rieure - Gabriel Loirat\",\"isPartOf\":{\"@id\":\"https:\/\/gabrielloirat.com\/#website\"},\"datePublished\":\"2016-12-29T03:51:35+00:00\",\"dateModified\":\"2025-12-11T15:34:45+00:00\",\"description\":\"Gabriel Loirat, studio d'architecture d'int\u00e9rieur bas\u00e9 \u00e0 Pl\u00e9neuf-Val-Andr\u00e9 en Bretagne, design d'objet et de mobilier.\",\"breadcrumb\":{\"@id\":\"https:\/\/gabrielloirat.com\/#breadcrumb\"},\"inLanguage\":\"fr-FR\",\"potentialAction\":[{\"@type\":\"ReadAction\",\"target\":[\"https:\/\/gabrielloirat.com\/\"]}]},{\"@type\":\"BreadcrumbList\",\"@id\":\"https:\/\/gabrielloirat.com\/#breadcrumb\",\"itemListElement\":[{\"@type\":\"ListItem\",\"position\":1,\"name\":\"Accueil\",\"item\":\"https:\/\/gabrielloirat.com\/\"},{\"@type\":\"ListItem\",\"position\":2,\"name\":\"Studio d&rsquo;architecture int\u00e9rieure\"}]},{\"@type\":\"WebSite\",\"@id\":\"https:\/\/gabrielloirat.com\/#website\",\"url\":\"https:\/\/gabrielloirat.com\/\",\"name\":\"Gabriel Loirat\",\"description\":\"Studio d&#039;architecture int\u00e9rieure en Bretagne\",\"publisher\":{\"@id\":\"https:\/\/gabrielloirat.com\/#\/schema\/person\/b69759d4331d63fa2781f3cb5a076509\"},\"potentialAction\":[{\"@type\":\"SearchAction\",\"target\":{\"@type\":\"EntryPoint\",\"urlTemplate\":\"https:\/\/gabrielloirat.com\/?s={search_term_string}\"},\"query-input\":\"required name=search_term_string\"}],\"inLanguage\":\"fr-FR\"},{\"@type\":[\"Person\",\"Organization\"],\"@id\":\"https:\/\/gabrielloirat.com\/#\/schema\/person\/b69759d4331d63fa2781f3cb5a076509\",\"name\":\"gabriel loirat\",\"image\":{\"@type\":\"ImageObject\",\"inLanguage\":\"fr-FR\",\"@id\":\"https:\/\/gabrielloirat.com\/#\/schema\/person\/image\/\",\"url\":\"http:\/\/gabrielloirat.com\/wp-content\/uploads\/2022\/11\/Logo-gabriel-loirat.jpg\",\"contentUrl\":\"http:\/\/gabrielloirat.com\/wp-content\/uploads\/2022\/11\/Logo-gabriel-loirat.jpg\",\"width\":403,\"height\":94,\"caption\":\"gabriel loirat\"},\"logo\":{\"@id\":\"https:\/\/gabrielloirat.com\/#\/schema\/person\/image\/\"},\"description\":\"Studio d\u2019architecture int\u00e9rieur bas\u00e9 en Bretagne, \u00e0 Pl\u00e9neuf-Val-Andr\u00e9, Gabriel Loirat d\u00e9veloppe une approche o\u00f9 les lignes et les formes sont \u00e9rig\u00e9es en principe, une r\u00e9flexion sur la mati\u00e8re et son exp\u00e9rimentation. Dipl\u00f4m\u00e9 en architecture int\u00e9rieure de l\u2019institut des arts appliqu\u00e9s \u00e0 Rennes, Gabriel a travaill\u00e9 pendant plus de neuf ans aux Pays-Bas et en Suisse dans des agences reconnues pour des marques de luxe avant de revenir \u00e0 Paris. Son travail offre un certain type de po\u00e9tique de l\u2019espace ; des volumes singuliers et purs dessin\u00e9s par les proportions, la g\u00e9om\u00e9trie, la circulation, les vides et les lignes\u2026 partageant tous une atmosph\u00e8re apaisante et protectrice. Sa vision pr\u00e9cise de l\u2019espace et des mat\u00e9riaux peut \u00eatre d\u00e9crite comme radicale et minimaliste, elle n\u2019en reste pas moins enthousiaste et r\u00e9fl\u00e9chie.\",\"sameAs\":[\"http:\/\/gabrielloirat.com\/\",\"https:\/\/www.instagram.com\/gabrielloirat_studio\/\",\"https:\/\/www.linkedin.com\/in\/gabrielloirat\/\"]}]}<\/script>\n<!-- \/ Yoast SEO plugin. -->","yoast_head_json":{"title":"Studio d'architecture int\u00e9rieure - Gabriel Loirat","description":"Gabriel Loirat, studio d'architecture d'int\u00e9rieur bas\u00e9 \u00e0 Pl\u00e9neuf-Val-Andr\u00e9 en Bretagne, design d'objet et de mobilier.","robots":{"index":"index","follow":"follow","max-snippet":"max-snippet:-1","max-image-preview":"max-image-preview:large","max-video-preview":"max-video-preview:-1"},"canonical":"https:\/\/gabrielloirat.com\/","og_locale":"fr_FR","og_type":"article","og_title":"Studio d'architecture int\u00e9rieure - Gabriel Loirat","og_description":"Gabriel Loirat, studio d'architecture d'int\u00e9rieur bas\u00e9 \u00e0 Pl\u00e9neuf-Val-Andr\u00e9 en Bretagne, design d'objet et de mobilier.","og_url":"https:\/\/gabrielloirat.com\/","og_site_name":"Gabriel Loirat","article_modified_time":"2025-12-11T15:34:45+00:00","twitter_card":"summary_large_image","twitter_misc":{"Dur\u00e9e de lecture estim\u00e9e":"1 minute"},"schema":{"@context":"https:\/\/schema.org","@graph":[{"@type":"WebPage","@id":"https:\/\/gabrielloirat.com\/","url":"https:\/\/gabrielloirat.com\/","name":"Studio d'architecture int\u00e9rieure - Gabriel Loirat","isPartOf":{"@id":"https:\/\/gabrielloirat.com\/#website"},"datePublished":"2016-12-29T03:51:35+00:00","dateModified":"2025-12-11T15:34:45+00:00","description":"Gabriel Loirat, studio d'architecture d'int\u00e9rieur bas\u00e9 \u00e0 Pl\u00e9neuf-Val-Andr\u00e9 en Bretagne, design d'objet et de mobilier.","breadcrumb":{"@id":"https:\/\/gabrielloirat.com\/#breadcrumb"},"inLanguage":"fr-FR","potentialAction":[{"@type":"ReadAction","target":["https:\/\/gabrielloirat.com\/"]}]},{"@type":"BreadcrumbList","@id":"https:\/\/gabrielloirat.com\/#breadcrumb","itemListElement":[{"@type":"ListItem","position":1,"name":"Accueil","item":"https:\/\/gabrielloirat.com\/"},{"@type":"ListItem","position":2,"name":"Studio d&rsquo;architecture int\u00e9rieure"}]},{"@type":"WebSite","@id":"https:\/\/gabrielloirat.com\/#website","url":"https:\/\/gabrielloirat.com\/","name":"Gabriel Loirat","description":"Studio d&#039;architecture int\u00e9rieure en Bretagne","publisher":{"@id":"https:\/\/gabrielloirat.com\/#\/schema\/person\/b69759d4331d63fa2781f3cb5a076509"},"potentialAction":[{"@type":"SearchAction","target":{"@type":"EntryPoint","urlTemplate":"https:\/\/gabrielloirat.com\/?s={search_term_string}"},"query-input":"required name=search_term_string"}],"inLanguage":"fr-FR"},{"@type":["Person","Organization"],"@id":"https:\/\/gabrielloirat.com\/#\/schema\/person\/b69759d4331d63fa2781f3cb5a076509","name":"gabriel loirat","image":{"@type":"ImageObject","inLanguage":"fr-FR","@id":"https:\/\/gabrielloirat.com\/#\/schema\/person\/image\/","url":"http:\/\/gabrielloirat.com\/wp-content\/uploads\/2022\/11\/Logo-gabriel-loirat.jpg","contentUrl":"http:\/\/gabrielloirat.com\/wp-content\/uploads\/2022\/11\/Logo-gabriel-loirat.jpg","width":403,"height":94,"caption":"gabriel loirat"},"logo":{"@id":"https:\/\/gabrielloirat.com\/#\/schema\/person\/image\/"},"description":"Studio d\u2019architecture int\u00e9rieur bas\u00e9 en Bretagne, \u00e0 Pl\u00e9neuf-Val-Andr\u00e9, Gabriel Loirat d\u00e9veloppe une approche o\u00f9 les lignes et les formes sont \u00e9rig\u00e9es en principe, une r\u00e9flexion sur la mati\u00e8re et son exp\u00e9rimentation. Dipl\u00f4m\u00e9 en architecture int\u00e9rieure de l\u2019institut des arts appliqu\u00e9s \u00e0 Rennes, Gabriel a travaill\u00e9 pendant plus de neuf ans aux Pays-Bas et en Suisse dans des agences reconnues pour des marques de luxe avant de revenir \u00e0 Paris. Son travail offre un certain type de po\u00e9tique de l\u2019espace ; des volumes singuliers et purs dessin\u00e9s par les proportions, la g\u00e9om\u00e9trie, la circulation, les vides et les lignes\u2026 partageant tous une atmosph\u00e8re apaisante et protectrice. Sa vision pr\u00e9cise de l\u2019espace et des mat\u00e9riaux peut \u00eatre d\u00e9crite comme radicale et minimaliste, elle n\u2019en reste pas moins enthousiaste et r\u00e9fl\u00e9chie.","sameAs":["http:\/\/gabrielloirat.com\/","https:\/\/www.instagram.com\/gabrielloirat_studio\/","https:\/\/www.linkedin.com\/in\/gabrielloirat\/"]}]}},"_links":{"self":[{"href":"https:\/\/gabrielloirat.com\/index.php\/wp-json\/wp\/v2\/pages\/941"}],"collection":[{"href":"https:\/\/gabrielloirat.com\/index.php\/wp-json\/wp\/v2\/pages"}],"about":[{"href":"https:\/\/gabrielloirat.com\/index.php\/wp-json\/wp\/v2\/types\/page"}],"author":[{"embeddable":true,"href":"https:\/\/gabrielloirat.com\/index.php\/wp-json\/wp\/v2\/users\/1"}],"replies":[{"embeddable":true,"href":"https:\/\/gabrielloirat.com\/index.php\/wp-json\/wp\/v2\/comments?post=941"}],"version-history":[{"count":179,"href":"https:\/\/gabrielloirat.com\/index.php\/wp-json\/wp\/v2\/pages\/941\/revisions"}],"predecessor-version":[{"id":2211,"href":"https:\/\/gabrielloirat.com\/index.php\/wp-json\/wp\/v2\/pages\/941\/revisions\/2211"}],"wp:attachment":[{"href":"https:\/\/gabrielloirat.com\/index.php\/wp-json\/wp\/v2\/media?parent=941"}],"curies":[{"name":"wp","href":"https:\/\/api.w.org\/{rel}","templated":true}]}}